lculate the highest common factor of 12 and m.
6
Let r(j) = 88*j - 42*j + 15 - 35*j. Let u be r(11). What is the greatest common factor of u and 8?
8
Suppose 2*d + 3*o - 95 = 0, -3*o - 175 - 31 = -5*d. Calculate the highest common factor of 43 and d.
43
Suppose -3*s - 1 = -5*f, 4*f = 3*s + f - 3. What is the greatest common divisor of s and 28?
1
Let t = -628 - -778. What is the greatest common divisor of 90 and t?
30
Let a = 65 + -57. Calculate the highest common divisor of 8 and a.
8
Let i be 1 + -2 + (-900)/(-150). What is the highest common divisor of i and 13?
1
Let c(f) = -78*f + 164. Let x be c(0). Calculate the greatest common factor of x and 287.
41
Let l(v) = -17*v + 42. Let d be l(-3). Calculate the highest common divisor of d and 9.
3
Suppose -18*l = -14*l - 108. Calculate the greatest common divisor of l and 189.
27
Suppose v = 113 - 15. Let b = 38 + v. What is the greatest common divisor of b and 17?
17
Suppose 16*q - 21*q - 2*j = -2807, -3*q - j + 1684 = 0. Calculate the greatest common factor of q and 99.
33
Suppose 31 = 5*o - 39. Let n be (o/21)/((-3)/9) - -7. What is the highest common divisor of 20 and n?
5
Suppose 0 = 15*s - 902 - 268. Calculate the greatest common factor of s and 52.
26
Suppose 64 = 7*j - 62. Let c be (-24)/j*3/(-2). Let d = -11 - -16. Calculate the highest common factor of d and c.
1
Let d(n) = 7*n**3 - 3*n**2 - 3*n. Let b(h) = 0 + 2 + h**2 - 12 - 2*h + 5. Let c be b(4). Let x be d(c). Calculate the greatest common factor of 17 and x.
17
Let z = -20 + 60. Suppose -5*m = -3*h - 4*m + 24, -2*m + z = 5*h. Let w = h + 3. Calculate the highest common factor of w and 55.
11
Let j be (-54)/((-2)/14*84/42). Calculate the highest common factor of j and 1071.
63
Let j(z) = -z**3 - 11*z**2 - 32*z - 14. Let b be j(-7). Calculate the highest common divisor of b and 77.
7
Let g be (-5 + 0)*(73 + -184). Calculate the highest common factor of 30 and g.
15
Suppose 41*z - 768 = 25*z. What is the highest common factor of z and 240?
48
Suppose l - 15 = 3*l + 5*r, 5*l - r - 3 = 0. Suppose -2*m + l = -4. Suppose -i - 16 = -3*i. Calculate the greatest common factor of m and i.
2
Suppose k = 2 - 79. Suppose -3*y = -4*y + 3*p - 47, 4*y + 170 = 3*p. Let x = y - k. Calculate the greatest common divisor of 108 and x.
36
Let f(h) = -3*h - 10. Let o be f(-8). Suppose q = -q + o. Suppose -5*k = 4*c - 6*c - 1, -3*c + 30 = 3*k. What is the greatest common divisor of q and c?
7
Let a(o) = o**2 - o - 3. Let k be a(4). Suppose 2*z = -2*z + 6*z. Let w be -1 - -2 - ((z - 9) + 1). What is the highest common factor of w and k?
9
Suppose 18 = 2*z - 90. Let d be 52/9 + 12/z. What is the greatest common factor of d and 2?
2
Let g(o) = -o**2 - 14*o - 37. Let p be g(-5). What is the highest common divisor of p and 14?
2
Suppose 15*c - 15 = 12*c. Suppose 5*m - 4*q = -158 + 494, 344 = c*m + 4*q. What is the highest common divisor of m and 170?
34
Suppose 0 = 5*k - 2*m - 203 - 299, -304 = -3*k + 4*m. Suppose 5*h - 2*t = 96 + 25, -t + 77 = 3*h. What is the highest common factor of h and k?
25
Let i = -164 + 209. Let x = -6 - -9. Suppose 6*z - 27 = x*z. Calculate the highest common factor of i and z.
9
Suppose 47*f - 114 = 215. What is the greatest common divisor of 17 and f?
1
Suppose -23*g + 637 = -1916. Calculate the highest common factor of g and 222.
111
Let y(w) = 15*w**2 - 30*w**2 - 18*w + 14*w**2. Let v be y(-14). Calculate the highest common divisor of v and 14.
14
Suppose 11*u - 8*u - 396 = 0. What is the greatest common factor of u and 66?
66
Let x(l) = l + 15. Suppose -2*p + 10 - 36 = 0. Let t be x(p). Suppose -t = v - 7. What is the greatest common factor of 5 and v?
5
Suppose -5*o + 10*o + 40 = -4*s, -2*o = -5*s + 49. Let i be o*(-3 - (0 + -2)). Let p = i - 7. Calculate the highest common factor of 35 and p.
5
Let o = -1424 - -2270. Calculate the highest common divisor of o and 18.
18
Suppose y + 4 = -6. Let j be y/25 - 411/(-15). What is the highest common divisor of 18 and j?
9
Let f be (3 - 165/(-10))*-2. Let l = f + 49. What is the highest common factor of 50 and l?
10
Let q be (0/2 + 1)/((-1)/(-31)). What is the highest common factor of 713 and q?
31
Suppose 5*t - 3*t = -10. Let b(n) = 9*n + 8. Let i be b(t). Let g = i - -55. What is the highest common factor of 54 and g?
18
Let k(m) = -37*m**3 - 3*m**2. Let j be k(-2). Suppose -2*c = -2*v - 0*v + 200, 0 = 3*v + c - j. What is the greatest common factor of 12 and v?
12
Let g(q) = q + 22. Let b = 2 - 0. Suppose -4*c = 3*a + 7, 4*a + 15 = -b*c - 11. Let n be g(a). Calculate the greatest common divisor of n and 39.
13
Suppose 197*r = 192*r + 335. Calculate the highest common divisor of r and 603.
67
Let g be (6/3)/2*-3. Let h be 1/g + (-1241)/(-51). Calculate the greatest common factor of 192 and h.
24
Let o be (0 - 1)*12/12 + 3. Suppose -o*a + 3 = -81. Calculate the highest common factor of 63 and a.
21
Suppose 0 = 57*j + 49 - 448. Calculate the greatest common factor of 2 and j.
1
Suppose n + 7*f - 3*f - 17 = 0, -14 = -n - f. Suppose -5*p = -199 - 61. Calculate the highest common divisor of n and p.
13
Let h = -29 + 28. Let a be h + -3 + 2 - -17. Let u be 8/(-20) + 1161/a. Calculate the highest common divisor of u and 7.
7
Let x(c) = -2*c**2 - 3*c + 4. Let i be x(-3). Let y be 2*i*1/(-2). Suppose -k - p = p - 84, y*k - 456 = 2*p. What is the greatest common factor of 10 and k?
10
Let f = 4 - 12. Let g = 31 - f. What is the highest common factor of g and 26?
13
Let m be (-17)/(-51) + 1293/9. What is the highest common divisor of m and 108?
36
Let k(m) = -9*m**3 - 13*m - 58. Let u be k(-3). Calculate the highest common factor of 7 and u.
7
Let k be 4 - (-4 - 4) - -2. Let u be ((-60)/k)/((-4)/28). What is the highest common divisor of 20 and u?
10
Suppose g - y = 20, -5*y + 0 = -5. Let r = g - 25. Let k be (24/15)/r*-30. Calculate the highest common divisor of 12 and k.
12
Let x = 32 + -50. Let g(h) = h**3 + 19*h**2 + 16*h - 6. Let i be g(x). What is the greatest common divisor of i and 12?
6
Let b(y) = -y**3 + 16*y**2 + 23*y - 17. Let u be b(17). Calculate the highest common divisor of u and 5.
5
Let v = 28 - -30. Suppose 56*t = v*t - 70. What is the greatest common factor of 14 and t?
7
Let o(i) = 7*i**2 - 8*i + 9. Let b be o(1). What is the greatest common factor of b and 1216?
8
Let y = -9 + 9. Suppose 4*i - 87 - 129 = y. Calculate the greatest common factor of 36 and i.
18
Suppose 0 = -7*t + 4*t + 12. Let y(k) = 4*k**2 - 7*k + 9. Let u be y(t). What is the greatest common factor of u and 5?
5
Let w = 59 + -54. Suppose c - 8 + 4 = 0. Suppose r - 2*u - w = 0, 4*r + c*u = 3*u + 20. Calculate the greatest common factor of r and 1.
1
Let y(a) = 34*a - 3064. Let j be y(91). Suppose 3*w = -4*i + 123, i + 0*i = -3. Calculate the highest common divisor of w and j.
15
Let k(y) = 14*y + 7. Let r be k(6). Suppose 0 = 4*d - 5*g + 6, 5*g = -2*d - 7 - 11. Let c be -4 + 20 + 1 + d. What is the greatest common divisor of r and c?
13
Let g be 6*4/10*70/3. Suppose g = -2*i + 280. What is the greatest common factor of i and 14?
14
Let o be 1/3 - 5/(105/(-434)). Let q = o - -4. What is the greatest common factor of q and 275?
25
Let n = 33 + -105. Let o be (7/14)/((-2)/n). Let j(v) = 12*v + 6. Let h be j(7). Calculate the greatest common divisor of h and o.
18
Let i = 5 - 3. Suppose i*g - 23 = w, 5*w + 5*g = -37 - 3. Let n = 18 + w. Calculate the greatest common factor of 5 and n.
5
Let z(q) = -121*q + 1055. Let k be z(8). Calculate the highest common divisor of 12 and k.
3
Let c be 0 - (-396)/(4 - 1). Let d be -15*(16/(-6))/(-4). Let o = d - -22. Calculate the highest common divisor of o and c.
12
Let f = -19 + 15. Let i(u) = -u**3 - 3*u**2 + 2*u + 1. Let p be i(f). What is the highest common divisor of 72 and p?
9
Let d = -4 + 6. Let y be 8*((-1 - d) + 1). Let n = -15 - y. What is the greatest common factor of 1 and n?
1
Let f be (-52)/(-2) - (-4)/2. Let u be f/(-5)*(-10 - (-4 + -1)). Calculate the highest common divisor of 14 and u.
14
Let u = -785 - -787. Calculate the greatest common factor of 9 and u.
1
Let m be ((-145)/435)/(0 + 3/(-243)). Let q(h) = h**3 - 3*h**2 + 2*h - 6. Let y be q(4). Calculate the greatest common factor of m and y.
9
Let x(o) = 154*o**2 - 2*o + 3. Let s be x(1). Calculat